01
List the prime factors of 58296.
2, 3, 7, 347
What are the prime factors of 7494?
2, 3, 1249
List the prime factors of 1856.
2, 29
List the prime factors of 549.
3, 61
What are the prime factors of 1233?
3, 137
What are the prime factors of 18560?
2, 5, 29
List the prime factors of 862.
2, 431
What are the prime factors of 4612?
2, 1153
What are the prime factors of 1183?
7, 13
What are the prime factors of 2508?
2, 3, 11, 19
What are the prime factors of 4814?
2, 29, 83
What are the prime factors of 8613?
3, 11, 29
What are the prime factors of 17457?
3, 11, 23
What are the prime factors of 1074?
2, 3, 179
List the prime factors of 4233.
3, 17, 83
What are the prime factors of 147469?
7, 21067
List the prime factors of 57911.
7, 8273
What are the prime factors of 7568?
2, 11, 43
List the prime factors of 31842.
2, 3, 29, 61
What are the prime factors of 6777?
3, 251
What are the prime factors of 3584?
2, 7
What are the prime factors of 18365?
5, 3673
List the prime factors of 545.
5, 109
List the prime factors of 17773.
7, 2539
List the prime factors of 1353.
3, 11, 41
List the prime factors of 7255.
5, 1451
List the prime factors of 2456.
2, 307
What are the prime factors of 4811?
17, 283
List the prime factors of 25889.
25889
List the prime factors of 542.
2, 271
List the prime factors of 5882.
2, 17, 173
List the prime factors of 6318.
2, 3, 13
What are the prime factors of 1015?
5, 7, 29
What are the prime factors of 171953?
373, 461
What are the prime factors of 1336?
2, 167
What are the prime factors of 953?
953
List the prime factors of 341.
11, 31
What are the prime factors of 795?
3, 5, 53
List the prime factors of 1690.
2, 5, 13
List the prime factors of 2941.
17, 173
What are the prime factors of 6672?
2, 3, 139
What are the prime factors of 373?
373
List the prime factors of 54658.
2, 27329
What are the prime factors of 417?
3, 139
What are the prime factors of 1667?
1667
List the prime factors of 7634.
2, 11, 347
What are the prime factors of 1706?
2, 853
List the prime factors of 16248.
2, 3, 677
What are the prime factors of 62396?
2, 19, 821
List the prime factors of 19558.
2, 7, 11, 127
What are the prime factors of 2117?
29, 73
What are the prime factors of 7249?
11, 659
List the prime factors of 34545.
3, 5, 7, 47
List the prime factors of 11578.
2, 7, 827
List the prime factors of 6453.
3, 239
List the prime factors of 6191.
41, 151
List the prime factors of 39338.
2, 13, 17, 89
What are the prime factors of 689?
13, 53
What are the prime factors of 1268?
2, 317
List the prime factors of 980.
2, 5, 7
List the prime factors of 1281.
3, 7, 61
List the prime factors of 28999.
47, 617
What are the prime factors of 3866?
2, 1933
What are the prime factors of 1291?
1291
What are the prime factors of 18518?
2, 47, 197
List the prime factors of 3758.
2, 1879
What are the prime factors of 40753?
83, 491
What are the prime factors of 2199?
3, 733
List the prime factors of 8980.
2, 5, 449
What are the prime factors of 198507?
3, 66169
List the prime factors of 27095.
5, 5419
What are the prime factors of 47366?
2, 11, 2153
List the prime factors of 13692.
2, 3, 7, 163
List the prime factors of 3745.
5, 7, 107
List the prime factors of 44.
2, 11
List the prime factors of 58628.
2, 14657
What are the prime factors of 3519?
3, 17, 23
What are the prime factors of 13764?
2, 3, 31, 37
List the prime factors of 1390.
2, 5, 139
What are the prime factors of 42859?
42859
What are the prime factors of 21499?
21499
What are the prime factors of 1875?
3, 5
What are the prime factors of 37138?
2, 31, 599
List the prime factors of 10726.
2, 31, 173
List the prime factors of 2682.
2, 3, 149
List the prime factors of 26929.
7, 3847
List the prime factors of 352.
2, 11
List the prime factors of 1223.
1223
What are the prime factors of 4825?
5, 193
List the prime factors of 13598.
2, 13, 523
List the prime factors of 2561.
13, 197
What are the prime factors of 1050?
2, 3, 5, 7
List the prime factors of 4498.
2, 13, 173
What are the prime factors of 2841?
3, 947
List the prime factors of 7648.
2, 239
What are the prime factors of 358?
2, 179
List the prime factors of 2080.
2, 5, 13
What are the prime factors of 3921?
3, 1307
List the prime factors of 6337.
6337
List the prime factors of 11305.
5, 7, 17, 19
List the prime factors of 75.
3, 5
List the prime factors of 88393.
37, 2389
List the prime factors of 13148.
2, 19, 173
List the prime factors of 44456.
2, 5557
What are the prime factors of 811?
811
What are the prime factors of 25939?
25939
What are the prime factors of 23922?
2, 3, 443
What are the prime factors of 45728?
2, 1429
List the prime factors of 118.
2, 59
What are the prime factors of 99?
3, 11
List the prime factors of 47709.
3, 19, 31
List the prime factors of 46977.
3, 7, 2237
List the prime factors of 87321.
3, 13, 2239
List the prime factors of 682.
2, 11, 31
What are the prime factors of 46252?
2, 31, 373
What are the prime factors of 13859?
13859
List the prime factors of 104913.
3, 11657
What are the prime factors of 10204?
2, 2551
What are the prime factors of 39263?
7, 71, 79
List the prime factors of 3418.
2, 1709
List the prime factors of 125.
5
What are the prime factors of 15939?
3, 7, 11, 23
List the prime factors of 60759.
3, 43, 157
List the prime factors of 13970.
2, 5, 11, 127
What are the prime factors of 5750?
2, 5, 23
List the prime factors of 2887.
2887
List the prime factors of 98.
2, 7
What are the prime factors of 177?
3, 59
What are the prime factors of 12416?
2, 97
What are the prime factors of 138?
2, 3, 23
List the prime factors of 967.
967
List the prime factors of 8964.
2, 3, 83
What are the prime factors of 15992?
2, 1999
What are the prime factors of 12433?
12433
List the prime factors of 668.
2, 167
List the prime factors of 7.
7
List the prime factors of 4014.
2, 3, 223
What are the prime factors of 9903?
3, 3301
What are the prime factors of 3779?
3779
List the prime factors of 17436.
2, 3, 1453
List the prime factors of 68861.
13, 5297
What are the prime factors of 1154?
2, 577
What are the prime factors of 8798?
2, 53, 83
What are the prime factors of 914?
2, 457
What are the prime factors of 30971?
30971
What are the prime factors of 68482?
2, 97, 353
What are the prime factors of 104591?
41, 2551
List the prime factors of 3045.
3, 5, 7, 29
What are the prime factors of 22550?
2, 5, 11, 41
List the prime factors of 3357.
3, 373
List the prime factors of 548.
2, 137
What are the prime factors of 352?
2, 11
What are the prime factors of 10269?
3, 7, 163
What are the prime factors of 16626?
2, 3, 17, 163
What are the prime factors of 18779?
89, 211
What are the prime factors of 18570?
2, 3, 5, 619
What are the prime factors of 14139?
3, 1571
List the prime factors of 2844.
2, 3, 79
List the prime factors of 1406.
2, 19, 37
List the prime factors of 25237.
25237
List the prime factors of 5018.
2, 13, 193
What are the prime factors of 19432?
2, 7, 347
List the prime factors of 11903.
11903
What are the prime factors of 29152?
2, 911
What are the prime factors of 5802?
2, 3, 967
What are the prime factors of 3905?
5, 11, 71
What are the prime factors of 4785?
3, 5, 11, 29
List the prime factors of 9881.
41, 241
What are the prime factors of 45317?
45317
List the prime factors of 14559.
3, 23, 211
What are the prime factors of 81563?
81563
List the prime factors of 4189.
59, 71
List the prime factors of 74012.
2, 18503
List the prime factors of 5805.
3, 5, 43
List the prime factors of 3562.
2, 13, 137
What are the prime factors of 45170?
2, 5, 4517
List the prime factors of 605.
5, 11
What are the prime factors of 466?
2, 233
What are the prime factors of 40300?
2, 5, 13, 31
List the prime factors of 4847.
37, 131
What are the prime factors of 6407?
43, 149
What are the prime factors of 35154?
2, 3, 7, 31
List the prime factors of 63765.
3, 5, 13, 109
List the prime factors of 256.
2
List the prime factors of 6014.
2, 31, 97
List the prime factors of 94130.
2, 5, 9413
List the prime factors of 42241.
53, 797
What are the prime factors of 1770?
2, 3, 5, 59
What are the prime factors of 5903?
5903
List the prime factors of 9487.
53, 179
What are the prime factors of 773?
773
What are the prime fa